e h(d). What is the greatest common divisor of x and 15?
3
Suppose -2*g - 14 = -2*v, -2*g - 18 = -v - 7. Let k be (-8)/6 - g/3. Suppose 45 = -k*c + c. What is the highest common divisor of 30 and c?
15
Let n be (30/5 - 4)*115. What is the greatest common factor of 92 and n?
46
Suppose r + 2*r = -2*z - 11, z - 22 = 4*r. Suppose 3*o + 1005 = 5*p - z*o, 3*p = -5*o + 595. What is the highest common divisor of p and 25?
25
Let h be (12/9)/((-2)/(-180)). What is the greatest common factor of h and 72?
24
Let r = 580 - 540. What is the greatest common divisor of r and 128?
8
Let m be 145/3 + 2/(-6). Let g be 1 + 0 + (-16 - -14). Let a be (9/(-3) - g)/2 + 17. Calculate the highest common factor of m and a.
16
Let s(j) = -2*j + 4. Let w be (-1 + 0 + 0)/(14/(-14)). Let l be s(w). What is the greatest common factor of 2 and l?
2
Suppose 34 = q + 5*i, -2*q - 3*i = -7*i - 12. What is the greatest common factor of 196 and q?
14
Let h be (45 - 11)*9/(-2). Let x be 2/(-9) + (-6154)/h. Let s be (-27)/(-18)*x/6. Calculate the highest common divisor of 10 and s.
10
Let f = -19 - -23. Suppose 15 = f*t - 5*j, -3*t + 4*j + 13 = 3. What is the greatest common factor of t and 50?
10
Let y = -702 - -719. What is the highest common divisor of y and 8?
1
Suppose -2603 = -20*y + 637. Calculate the highest common divisor of 216 and y.
54
Suppose -7*d + 369 - 61 = 0. What is the greatest common factor of 44 and d?
44
Suppose 0*a + 12*a - 444 = 0. Calculate the highest common divisor of 148 and a.
37
Let i = 95 + 32. Let j = i + -87. What is the highest common divisor of 100 and j?
20
Let z(c) = c**2 + c - 3. Let m be z(8). Suppose 1 = -4*l + m. What is the highest common factor of l and 187?
17
Suppose -62*i - 220 = -64*i. Calculate the greatest common factor of i and 88.
22
Let k(p) = p**2 + 11*p - 32. Let l be k(-16). Let z be 24/(-9)*(-72)/16. What is the highest common divisor of l and z?
12
Let b(k) = k**3 + k**2 + 9*k + 130. Let u be b(0). Calculate the highest common divisor of 40 and u.
10
Let f(m) = -m**3 + 21*m**2 - 18*m + 30. Let t be f(20). Suppose -3*i + t = 4*i. What is the highest common divisor of 45 and i?
5
Suppose -5*d + 253 = -197. Let l be 4/(-22) + d/11. Suppose -2*n = -l*n + 72. What is the highest common divisor of n and 48?
12
Let h = 5 - -5. Suppose 0 = -100*c + 103*c - 2 - 1. What is the greatest common divisor of c and h?
1
Let a = -59 + 98. Suppose -a + 407 = 2*x. Calculate the greatest common divisor of 23 and x.
23
Let x be (2/6)/(10/360). Suppose 2*s + r = 5, s = -2*s - 3*r. Let z(n) = 20*n + 8. Let u be z(s). Calculate the greatest common factor of x and u.
12
Let c(w) = w**3 - 17*w**2 + 4*w + 203. Let z be c(16). Calculate the greatest common divisor of 671 and z.
11
Suppose -5*l - 6 = -21. Let w(d) = -127*d + 27 + 118*d - 3. Let t be w(0). Calculate the greatest common factor of l and t.
3
Let y(w) = -w**3 + 20*w**2 - 37*w + 10. Let k be y(17). Let q be (-21)/7 - k/(-2). Calculate the highest common divisor of q and 11.
11
Suppose 9 = 3*d - 0, 64 = 5*r - 2*d. Let f = -81 + 151. Calculate the highest common factor of r and f.
14
Let r = -72 + 32. Let p be (-38)/(7/3 + -3). Let s = p + r. Calculate the greatest common factor of 119 and s.
17
Let c be (1008/(-49))/(5/(-35)). What is the highest common divisor of c and 180?
36
Let g(d) = -2*d**3 + 31*d**2 - 26*d - 40. Let f be g(14). Calculate the highest common factor of f and 8.
8
Let s be -1 + 1 + 2 - -82. Suppose -5*m - 5 - 15 = 0. Let u = m - -18. What is the greatest common factor of u and s?
14
Let f be ((-42)/12 - -4)*518. Calculate the highest common divisor of f and 37.
37
Let s = -54 + 76. Let g = -1855 + 2097. Calculate the greatest common divisor of s and g.
22
Let a be (-55)/(-15) + (-2)/(-6). Suppose 0 = -a*i + 486 + 90. Suppose -6*o + i = -0*o. What is the greatest common divisor of o and 8?
8
Let b = 297 - 232. What is the highest common factor of 325 and b?
65
Let d = 40 - 28. Suppose 3 + 1 = 2*l + 4*y, 3*y + d = l. What is the greatest common factor of 66 and l?
6
Suppose 6*m - m - 2250 = 0. Suppose -15*j - m = -20*j. What is the greatest common divisor of j and 36?
18
Suppose -7*f + 6*f + 32 = 0. Suppose -7*n + f = -10. What is the greatest common factor of n and 54?
6
Let u be 1128/14 - ((-80)/70)/(-2). Calculate the greatest common divisor of u and 280.
40
Let p = 2699 - 2414. Calculate the greatest common divisor of p and 665.
95
Suppose -48 = -0*r + 4*r. Let t be -20*(r/20)/1. What is the highest common factor of t and 48?
12
Let p(a) = 2*a**2 - 21*a + 127. Let i be p(9). Calculate the highest common factor of 140 and i.
20
Let i = 1194 + -276. What is the greatest common factor of i and 17?
17
Suppose -5*a - 2*r = 24, a + 3*r = -r - 12. Let o = 3 + -9. Let h be (-20)/(-15)*o/a. Calculate the highest common factor of 2 and h.
2
Let w be (-5)/(-15)*2235 + -4. Calculate the highest common divisor of 38 and w.
19
Let i be 891/15 - (-4)/(-10). Suppose -4*h + 40 = 3*g, -5*g + 3*h + i = 2*h. Calculate the greatest common divisor of 132 and g.
12
Let v(p) = -p**2 - p + 12. Let w be v(0). Suppose -2*a + 4 + w = 0. What is the greatest common factor of a and 2?
2
Suppose 0 = 49*l - 16561 - 30332. What is the highest common factor of l and 33?
33
Let v = 428 + -410. Calculate the greatest common factor of 90 and v.
18
Let j(r) = -2*r**3 - 11*r**2 - 10*r - 4. Let b be j(-5). What is the greatest common divisor of b and 441?
21
Suppose -2653*y + 2646*y = -175. Suppose -w - 147 = -2*a, 3*a + a - 285 = 5*w. What is the highest common factor of a and y?
25
Suppose 683 = 5*d + 403. Calculate the highest common divisor of d and 63.
7
Let w = -837 + 1107. Calculate the greatest common factor of w and 45.
45
Suppose 585 - 429 = 6*p. Calculate the highest common divisor of p and 169.
13
Let z = 49 - 52. Let o be 1*(z - (-2 + -2))*21. What is the highest common divisor of 3 and o?
3
Let p(q) = -q**3 + q - 4. Let h be p(-5). Let w = -45 + 47. Suppose s + w - 31 = 0. Calculate the greatest common factor of h and s.
29
Let w(p) = -p - 9. Let y be w(-6). Let d = 148 - 148. Let a be (d - -3) + (-3 - y). What is the highest common factor of a and 3?
3
Let d be ((-22)/6)/((-1)/3). Suppose 3*j = 9, 33 = 5*b + 2*j - j. Suppose -b*w + 493 = -101. What is the highest common divisor of w and d?
11
Let m be (-1 + 0)*0/2. Let x be 2/(2 - m) - -18. Suppose -11 = 4*g - x. Calculate the greatest common divisor of 22 and g.
2
Suppose 5*q = -4*j, 3*q = 3*j - 2*j. Suppose -5*h + 4*h + 20 = q. Calculate the greatest common divisor of 60 and h.
20
Suppose 2*i = -g + i + 4, 4*g - 21 = -5*i. Let t be (-1)/(0 - g/9). Let x = t - -25. What is the highest common factor of 24 and x?
8
Let w = 39 - -407. Suppose -2*j - 2*o + 3*o + w = 0, -683 = -3*j - 2*o. What is the greatest common factor of j and 25?
25
Suppose 0 = -19*o - 63 + 633. Suppose -10*u + o*u - 180 = 0. Calculate the highest common factor of 27 and u.
9
Suppose 11*t = 28*t - 765. Calculate the greatest common factor of t and 5.
5
Let c be (5 - 6) + 25 + 0. Let b = 8 + c. Suppose 4*u = 2*u + b. Calculate the highest common divisor of 64 and u.
16
Suppose t - 12 = 2*m, -6*t - 4*m + 12 = -5*t. What is the highest common factor of 6 and t?
6
Let g = -352 + 570. What is the greatest common divisor of g and 4?
2
Let p be 2*(-1)/((-6)/75). Calculate the greatest common factor of p and 20.
5
Let h be (-2 - (-8 - -1)) + -1. Suppose 2*f + p + 6 = 88, 4*f = -h*p + 172. What is the highest common factor of f and 13?
13
Let m(n) be the third derivative of -41*n**4/24 + 2*n**3/3 + 13*n**2. Let c be m(-1). What is the highest common divisor of 5 and c?
5
Suppose 2*i = 3*x + 101, 4*x - 17 = -3*i + 109. What is the greatest common factor of i and 368?
46
Let m be (0 - 0) + (8 - 0). Suppose 29 = 9*b - 25. Suppose -b*k = -11 + 5. Calculate the highest common divisor of k and m.
1
Suppose 0 = 5*r + p - 355, r - 5*p + 47 = 2*r. Calculate the highest common divisor of r and 6.
6
Let o be (-7 + 2)/((-20)/100). Calculate the greatest common factor of o and 200.
25
Suppose 40*u - 35*u - 35 = 0. Suppose u*f - 41 = -13. Suppose 0 = f*p + 2*j - 19 + 3, -j - 27 = -5*p. Calculate the highest common divisor of 2 and p.
1
Let m be (-1 - -10)*(-1)/(-3). Suppose -4*w = -m*w - 14. Let